. Calculate the highest common factor of 351 and j.
39
Let o = -28 - -18. Let m be 2 - -4*(1 + -2). Let p be (-7)/(35/(-39)) + m/o. What is the highest common factor of p and 8?
8
Let a be 165 + -150 - (-2934)/3. What is the highest common factor of a and 15?
3
Let v be -2 + (-14)/((-14)/9). Calculate the highest common factor of v and 175.
7
Let u(i) = i**2 - 34*i - 17. Let q be u(41). What is the greatest common divisor of q and 230?
10
Suppose -8*o + 60 = 36. Let u be 2695/44 - o/(-4). What is the greatest common divisor of u and 434?
62
Let d(r) = 9*r - 192. Let u be d(23). Calculate the highest common divisor of u and 12945.
15
Let n be ((-16)/(-64))/(4/(-208)). Let c = 15 - n. Calculate the highest common divisor of 532 and c.
28
Suppose -6*i - u = -322, 224 = 8*i - 4*i + 3*u. Calculate the greatest common divisor of i and 9222.
53
Suppose -6*i + 1144 = -2*i. Let h(o) be the first derivative of o**2/2 + 18*o + 6. Let a be h(8). What is the greatest common divisor of a and i?
26
Suppose -47 = -2*z + 39. Let j be (-1 - 0/1) + z. Suppose -77*h + 143 = -64*h - 130. Calculate the greatest common factor of h and j.
21
Suppose 24 = -2*q + 4*q. Let w(j) = -2*j - 31. Let o be w(-10). Let f(d) = d**2 + d - 14. Let g be f(o). Calculate the highest common divisor of q and g.
12
Let v = 882 + 2415. What is the greatest common divisor of 126 and v?
21
Suppose a + 5 = -9. Let c = a + 23. Suppose c*s = 6*s + 36. What is the greatest common factor of s and 4?
4
Suppose 3508 + 4412 = 5*z - 3*o, 0 = 3*o. Calculate the highest common divisor of z and 180.
36
Suppose -51*g = -53*g + 2400. Let o(s) = s**2 + 140*s + 30. Let q be o(0). What is the greatest common factor of q and g?
30
Suppose -29*t - 399 = 152. Let z be 9*1 + (-18 - t). What is the highest common factor of z and 2?
2
Let k = -70 - -99. Let i = 566 + -73. What is the greatest common factor of k and i?
29
Let j be 0/((-6)/(-1))*-1. Suppose -3*k + 62 = p, j = -5*p + 5*k + 251 + 99. Calculate the highest common factor of 102 and p.
34
Let f be (4 - (-84)/(-18)) + (-3010)/21. Let x = f - -336. What is the highest common divisor of x and 48?
48
Let i = 6734 - 6649. Let j = 16 - 6. Calculate the greatest common divisor of j and i.
5
Let c = -990 + 1000. Suppose -2*k + c = 0, -3*p + 3*k = -4*p + 1821. What is the highest common factor of 42 and p?
42
Suppose -z - 3*l + 902 = 0, -7*l - 16 = -11*l. What is the greatest common divisor of z and 30?
10
Let u(k) = k**2 + 80*k + 714. Let c be u(-70). Calculate the highest common factor of c and 1414.
14
Let x be -1*(-12*2 - -1). Suppose 5*l - 92 = v, -4*v - 6*l - 414 = -3*l. Let n be 4/34 - 7026/v. Calculate the greatest common divisor of n and x.
23
Let t(d) = 8*d + 4. Let g be t(1). Suppose -4*f = -5*s + 45, s - g + 3 = f. What is the greatest common factor of s and 72?
9
Let u = -51158 + 51664. Suppose -5*j = -122 + 12. Calculate the greatest common factor of u and j.
22
Suppose -4*u = -21*t + 16*t + 94, 4*t = 4*u + 72. Suppose -2186 = -t*v - 382. Calculate the highest common divisor of 6 and v.
2
Suppose -44*o + 48*o - 1579 = 541. What is the greatest common factor of 90 and o?
10
Let t = -1123 - -1247. Calculate the greatest common divisor of 16 and t.
4
Let p be (2420/15 + -10)*3/2. Let o = 263 - p. What is the greatest common divisor of 468 and o?
36
Let l = 1428 - 1344. What is the highest common factor of l and 204?
12
Let m = 44 - 13. Suppose m*l - 32*l = -20. Calculate the highest common divisor of 10 and l.
10
Let w(k) = 263*k - 4. Let j be w(3). Suppose -4*f + j = 5*s, -f + 628 = 4*s - 2*f. Let v = s - 53. What is the greatest common factor of 13 and v?
13
Suppose 3*g + 2*v - 171 = 0, g - 70 = -0*v - 5*v. Let f = -53 + g. Let a be (f - 0)/(2/105). What is the highest common factor of a and 15?
15
Let x(s) be the second derivative of 5*s**2 + 18*s + 0 + 3/2*s**3 + 1/6*s**4. Let d be x(-5). Calculate the greatest common factor of d and 105.
15
Let z(s) = -2*s - 57. Let h be z(-28). Let p be (1/(-4))/h + 495/4. What is the highest common factor of 31 and p?
31
Let g(b) = b**3 + 9*b**2 + 5*b + 57. Let a be g(-9). Let k(u) = 32*u + 4. Let y be k(4). What is the greatest common divisor of a and y?
12
Let w(d) = 2*d + 23. Let i(o) = o + 12. Let f(s) = 5*i(s) - 2*w(s). Let t be f(-13). Let a = -467 + 469. What is the highest common factor of a and t?
1
Let h(g) = 22*g + 13*g - 5*g - 2032 + 20*g**2 + 2033. Let z be h(-3). Let w = -25 - -38. What is the greatest common divisor of w and z?
13
Let q(v) = -365*v**3 + 3*v**2 + 12*v + 12. Let y be q(-1). Calculate the highest common divisor of y and 3266.
46
Let y(j) = 3*j - 13. Let g be y(6). Let m be 6/(-1) - -2 - (5 - g). Let n be 100 - (2/4 + 2/m). Calculate the greatest common divisor of 20 and n.
20
Let x(d) = 907*d + 3007. Let t be x(27). Calculate the highest common factor of t and 14.
14
Suppose 11396 = 46*i - 7924. Calculate the highest common divisor of 1785 and i.
105
Let t = 175 - 170. Let u(c) = 2*c**3 - 10*c**2 + 2*c - 7. Let v be u(t). Calculate the greatest common divisor of v and 192.
3
Let a = -2027 + 2928. Calculate the highest common divisor of a and 34.
17
Suppose 5*w - 39 = -4*c, 0 = -4*c - w + 8 + 51. Suppose 0 = a - 17 - 127. What is the greatest common divisor of a and c?
16
Suppose -2*a + 767 = b, 6*b + 15 = b. Suppose -21*g + 25*g + 5*x - 606 = 0, 2*g - 2*x = 312. What is the greatest common divisor of a and g?
77
Suppose 4*x - 348 - 192 = 0. Suppose -3*n + 22 + 23 = 0. What is the highest common factor of n and x?
15
Let v(a) = 25*a - 142. Let j = -575 - -582. Let g be v(j). Calculate the highest common factor of g and 15.
3
Suppose -f + 6*f = -5*h + 3325, 4*f = -8*h + 2688. Calculate the greatest common factor of 846 and f.
94
Let o be (0 - 39/4)/((-6)/376). Calculate the greatest common factor of 2 and o.
1
Let s = 26583 + -26575. What is the highest common factor of s and 3472?
8
Let a(v) = 232*v - 1298. Let s be a(8). Calculate the greatest common factor of 682 and s.
62
Suppose -5*m + 5 = -0. Let d be (m + 0)*((-15)/5 - -13). Let u be ((-160)/(-25))/(2 - 18/d). Calculate the greatest common factor of u and 4.
4
Suppose 3*w = -2*h + 42, 0*w + 27 = h + 3*w. Let y(r) = -9 + 137*r - 26*r + 3. Let u be y(1). Calculate the highest common divisor of u and h.
15
Suppose -z - 308 = -4*r, 0 = -r + 7*z - 5*z + 77. Calculate the greatest common divisor of r and 341.
11
Let i be 143/65 + 3/(-15). Suppose -i*x + 194 = 122. What is the highest common factor of x and 84?
12
Let n = -72 + 246. Let l = n + -104. Suppose i - 3*u - l = 0, 3*i = -4*u + 207 - 49. What is the greatest common factor of i and 87?
29
Let t = 378 - 376. Let y be t - (1 - 0) - -33. Calculate the highest common factor of 578 and y.
34
Let g = 12890 + -12487. What is the highest common divisor of 676 and g?
13
Let w = -56 + 57. Let v = -1503 - -1520. Calculate the greatest common factor of v and w.
1
Let k be 136/5 + (-3600)/1125. What is the greatest common divisor of 11976 and k?
24
Let k be (-422)/(-6) - 15/45. Let d(l) = 7*l + 91. Let n be d(12). Calculate the highest common factor of k and n.
35
Let m be ((-2)/(-4))/((-17)/306). Let k be 6/(-27) - 1577/m. Let l be 7/(28/(-60))*10/(-6). What is the highest common divisor of k and l?
25
Let d be ((-30)/(-12) + -3)*214. Let p = 111 + d. What is the greatest common factor of p and 4?
4
Suppose -88 = y - 5*y. Let n be (665 + -335)*(5 + -4)/((-6)/(-11)). Calculate the highest common factor of n and y.
11
Let i(q) = 146*q + 146. Let c be i(1). Let o = 241 + -168. What is the greatest common factor of c and o?
73
Let l be -1*1/1*(-1 - -3). Let o(x) = 6*x**2 + 2*x + 3. Let z be o(l). What is the greatest common divisor of z and 115?
23
Let l = -44 + 45. Suppose f - 3*m - 6 = -7, 2*f - 5*m = l. Suppose 5*w - 10*w = -120. What is the highest common factor of f and w?
8
Let s = 803 - -333. What is the highest common factor of 639 and s?
71
Let y = 357 + -277. What is the greatest common divisor of 3440 and y?
80
Let t = -563 - -2419. What is the greatest common factor of t and 192?
64
Let a(r) = -18*r - 8 - 9*r**2 - 15*r**2 + 43 + 23*r**2. Let i be a(-18). What is the highest common divisor of i and 40?
5
Suppose 4 - 13 = -3*j, 27 = 2*u + j. Suppose 16 = 4*c + 8. Suppose -c =